
7 + 0 - (4 + 1 - 1)
3
What is the value of 11 + -6 + (1 - 7)?
-1
What is the value of 2 - (-13 + 10) - 11?
-6
What is -2 + -1 - (4 + 2 + -5)?
-4
Evaluate -4 - (-8 + 0 + (-25 - -25)).
4
What is the value of 5 - (0 + 6 - (-1 + -6))?
-8
(3 - (0 - 0)) + -25 + 18
-4
What is the value of 2 - (3 + (-3 - -1) - -1)?
0
What is the value of -2 - (-1 + 5 + -3)?
-3
1 - (2 - (5 + 0 + -2))
2
12 - -1 - 7 - (12 + 2)
-8
What is the value of 4 - (-5 - (4 + -8))?
5
Calculate (5 + -1 + -5 - 4) + 5.
0
Calculate 1 - (2 + -4 + 1).
2
Evaluate -3 - (1 + -1 + (5 - 7)).
-1
What is -12 - -2 - (-76 + 72)?
-6
(6 - 1) + (46 - 51)
0
What is -9 + -2 + 2 + 12?
3
(9 - 7) + 3 + -7
-2
Calculate (-1 - 4) + (-2 - -7) + 4.
4
Calculate 10 - (-5 + -6 + 15).
6
7 + (0 - (-3 + 9)) - -3
4
What is the value of -12 + (-8 - (-22 + -5))?
7
What is the value of -1 + (0 - -3) + -2?
0
Evaluate 0 - -5 - (7 - (-1 - -8)).
5
Calculate 0 - 0 - (-8 + (-2 - -7)).
3
Evaluate (2 - -3) + 0 + -2.
3
Calculate (8 - 1 - 8) + -10.
-11
What is 3 + (-4 - (7 - 0 - 3))?
-5
-8 + (7 - 2) - -2
-1
Calculate -2 + 2 + -4 + 2.
-2
Evaluate 5 - (16 + -9 - -3).
-5
-8 + (-1 - -4) + (-6 - -7)
-4
Evaluate 1 + -6 + (-24 - -22).
-7
Evaluate 1 + -3 - (6 + -1 - 2).
-5
What is the value of -3 + 10 + -2 + 0 + 2?
7
Evaluate 4 - 2 - (1 + 0 + 0).
1
What is (8 - -3) + -9 - (-1 - -4)?
-1
5 + (-19 - -5) + 5
-4
What is the value of 0 - (-1 + -3 + 0 + 6)?
-2
What is the value of 0 + -2 + -3 + (-1 - -5)?
-1
Evaluate 3 + -10 - (-15 + 11 - 3).
0
What is 5 + (-1 - (3 + -2))?
3
What is the value of (0 - -13) + 6 - 12?
7
(-2 - (0 + -2)) + 13 + -18
-5
What is the value of 5 + (3 - (6 - 1))?
3
Evaluate -9 - (-5 + (-7 - -13)).
-10
What is (-10 - (11 - 17)) + -2 + 0?
-6
3 + 1 + (-4 - (-2 - 0))
2
Evaluate 6 + -4 + -8 + 6 + -5.
-5
What is 9 + -3 - (-6 + 4 + 4)?
4
What is the value of 15 - (9 - 9 - -10)?
5
Calculate (3 - (-1 - 0)) + 1.
5
Evaluate -8 + -2 - -10 - -1.
1
What is the value of (-5 - (2 + -3)) + -3?
-7
(-84 - -82) + (-1 - -5)
2
Calculate (3 - (2 + -13)) + -8.
6
What is (9 - (-6 + -4 + 6)) + -5?
8
-23 - -29 - (-2 - -6)
2
What is the value of -6 + 0 + (0 - -5)?
-1
Evaluate -8 + (6 + 0 - 1) - 2.
-5
What is 2 + -2 + -1 + -2 + 7?
4
Evaluate 5 - (0 - (2 - 2)).
5
Evaluate (-9 + 10 - 0) + -3.
-2
What is the value of -3 + 4 + -1 + 1 - 1?
0
-10 + 17 + -8 + (-1 - -1)
-1
What is the value of 1 + -16 + (-18 - -33) + -8?
-8
Calculate (10 - 13) + 3 - (1 - -1).
-2
(0 - 0) + 11 - (143 - 140)
8
What is 7 + -4 + -4 - -5 - 13?
-9
-5 + 3 - (-2 - 0)
0
What is -3 + 8 + -7 - (-5 - -6)?
-3
What is 10 + -28 + 14 + -6?
-10
Calculate -4 + 6 - 6 - (-15 - -15).
-4
9 + (26 - 12) + -13
10
What is the value of 2 + (1 - 4) + (5 - 4)?
0
What is the value of -4 + -5 + 7 - 0?
-2
1 - -5 - 4 - (4 + 2)
-4
Calculate 12 + (-1 - -2) + -15.
-2
10 + -8 + (-2 - 3)
-3
What is the value of (-12 - (-31 - -14)) + 5?
10
Calculate 0 + (4 - (-5 + 4)).
5
Calculate -44 + 45 + -1 + -5 + 2.
-3
Evaluate (0 - (-4 - -1) - 1) + -6.
-4
What is the value of 7 - (2 - (-5 + (-2 - 2)))?
-4
Evaluate 1 + -6 - (20 - (11 + 13)).
-1
What is (-42 + 40 - (1 - 4)) + 4?
5
Evaluate (1 - -1) + 20 + -26.
-4
Calculate 3 - (-1 - -7 - -2).
-5
(-4 - -2) + 2 - (4 + -10)
6
Calculate (2 - 3) + (24 - (25 + -13)).
11
Calculate -4 + 2 - ((-6 - 2) + 0).
6
Evaluate 6 - 0 - (69 + -73).
10
-2 + 0 - (78 - 82)
2
Evaluate -3 - 6 - (1 - 7).
-3
Calculate 3 - (-1 + 1 + 1) - 0.
2
What is the value of 4 - (5 - -4) - 0?
-5
Calculate (5 - (13 - 5)) + -2 + 2.
-3
Calculate 3 - (-2 - (2 - 3 - 0)).
4
Calculate 1 - (2 + 2 + 0).
-3
What is the value of (0 - -1) + (2 - 8)?
-5
13 + ((6 - 24) + 7 - -5)
7
Calculate (-2 + 4 - 4) + 19 + -14.
3
Calculate -1 - (6 + (4 - 4) + -3).
-4
Calculate 3 + 0 + 2 + -6.
-1
Evaluate 4 + (-7 - 3) + -1 + 7.
0
(4 + -12 - -3) + (0 - -10)
5
7 - ((-5 - -3) + 8) - 3
-2
4 + -9 + 4 + 2
1
What is -8 + 1 + -4 + 7?
-4
What is the value of 0 + -2 + (8 - 0 - 5)?
1
What is 3 + 1 + (-5 - (-6 + 1))?
4
What is the value of 10 - 0 - (34 + -25)?
1
-13 + (-8 - (-3 + -14))
-4
What is 5 + (-6 - 4) - (2 + -3)?
-4
Evaluate -6 + 0 + 20 + -10 + 0.
4
What is the value of (-31 - -26) + (4 - 1)?
-2
((7 - 10) + -2 - -3) + -2
-4
Calculate (4 - (0 + 8)) + 0.
-4
What is the value of 1 - (6 - (1 + 1) - 4)?
1
(4 - 2) + (1 - 4) + -2
-3
Calculate -3 + (2 + 2 - 2).
-1
Calculate -4 + (0 - 1) + 2.
-3
What is the value of (42 - 43) + 1 + -4 + 1?
-3
Calculate -1 + 0 + (4 - 3).
0
-1 + -2 + (8 - 8)
-3
Evaluate -3 - (-3 - (-11 + 9)).
-2
Calculate 13 + -30 + 13 - -13.
9
(0 - 2) + 0 + 2 - 8
-8
(-1 - 4) + 1 + 3
-1
Calculate 12 + (-1 - 2) + -5.
4
Calculate 0 + (-1 - -2) - (-1 + 5).
-3
Calculate (5 - (14 - 5)) + 1 + 2.
-1
Evaluate 2 + (-4 - (0 + -3)) + -2.
-1
What is the value of 5 + (8 - 16) + 1?
-2
(1 - -3 - 1) + -3 - 5
-5
Calculate (0 - (-3 - 2)) + -7.
-2
Evaluate 1 - 1 - (1 - -1 - -2).
-4
What is 5 - (1 - -3 - 0)?
1
Calculate -6 + 3 + 3 + 3 + -2.
1
-9 - ((-2 - 4) + 1)
-4
Calculate -6 + (2 + -1 - 0) + 3.
-2
What is the value of 2 + 1 + -4 + 3?
2
Evaluate (-14 - -10) + 3 + 0 + 7.
6
What is the value of -5 - (-1 + 3 - 2)?
-5
What is (-3 - -2) + -2 + 6?
3
What is -11 + (3 - (-2 + 3))?
-9
What is the value of (-2 + 7 - 1) + -1 + -6?
-3
Evaluate -7 + (-1 - (3 - 5)) - -2.
-4
What is the value of (2 - -5) + -1 + -5 - -2?
3
-5 - -2 - -2 - (1 + 1)
-3
Calculate -4 - (3 - 1 - 3).
-3
What is 0 - (-1 + -1 - (-7 - -7))?
2
What is 0 - (-4 + 6 + 0)?
-2
Evaluate -4 + -3 + 3 + 1.
-3
Evaluate 8 + -3 + -4 + -8.
-7
What is the value of -27 + 19 - (1 + -2 - 15)?
8
Calculate 9 - (7 + (-5 - -7)).
0
-2 - (-3 + -1 + (-7 - -11))
-2
0 + -2 + (-17 - -26)
7
Calculate -14 - (-15 + 2 + 2).
-3
What is 0 + (-3 - -3) - (7 - 10)?
3
What is the value of 5 + (-5 - -1) + 4?
5
Calculate 38 + -48 + (-1 - -20).
9
Evaluate (-1 - -7) + (9 + -6 - 7).
2
Evaluate -4 - ((9 - 4) + -9 - 3).
3
Evaluate 2 - (0 - (-4 + 6)).
4
What is (-15 - -15) + (1 - 1) - 0?
0
-8 + 3 - (-7 - -1)
1
What is -18 - -9 - (0 - -1 - 3)?
-7
What is the value of -1 + (24 - 27 - (1 - 9))?
4
Calculate (30 - 22 - (-2 - -1)) + -2.
7
(0 - 8) + (-7 - -13)
-2
Evaluate -1 - (0 - -2) - 3 - -4.
-2
6 - (1 - (3 + -3 + -1))
4
Evaluate -2 + (5 - 0) + 0 + 0.
3
Calculate (-3 - -2) + (1 - 1 - 0).
-1
What is 2 - 2 - 1 - (-3 + 3)?
-1
What is the value of -4 - (5 + -5 + -3)?
-1
Calculate 8 + -3 + -5 + 4.
4
Evaluate -4 + 1 + -1 + -2 + 4.
-2
Calculate 5 + (5 - (-12 + 11)).
11
Evaluate (5 - 0) + (7 - 11).
1
12 + -5 + -25 + 10
-8
-2 - (1 + -1 + -1 + 1)
-2
What is 0 + -4 + (3 - 2)?
-3
Evaluate 5 + 1 - (-31 - -32).
5
What is the value of (-4 - 0) + 3 - -1 - -2?
2
Calculate -1 + (4 - (0 - -7 - 5)).
1
What is the value of 9 + (-26 - -12) + (0 - -7)?
2
What is 3 + (-7 - (-9 + 5))?
0
Evaluate 1 + (3 + -7 - (1 - -4)).
-8
Evaluate 5 + (-5 - (-6 - (-2 + 3))).
7
Calculate (4 - 3) + -6 + (4 - 2).
-3
(0 - 0 - -4) + 104 + -101
7
Evaluate -6 - (-9 - -1) - -4.
6
8 - (-3 + -5 + 5 + 5)
6
-2 + 5 + (0 - -1)
4
What is the value of -16 + 24 - (0 - -10)?
-2
What is (-8 - -4) + 8 + (-3 - -1)?
2
What is the value of 6 + -6 + (11 - 16)?
-5
Calculate 1 - 1 - ((2 - 1) + -4).
3
What is (5 - 7 - -8) + -9?
-3
1 - (8 - 1 - 4 - 2)
0
What is the value of 0 + (-7 - -11) + -12?
-8
What is (2 - -2 - 8) + 1 + -2?
-5
What is -4 + -6 + 6 + 0?
-4
(-5 - (-8 - -2)) + -8
-7
Calculate (-21 - -12) + 0 + 5.
-4
10 + 11 + -16 + -6
-1
Calculate (6 - 5 - -2 - -4) + -5.
2
Evaluate -1 + 1 + (1 - (-5 - -3)).
3
What is -7 + (6 - -2) + 7?
8
-11 + 5 - -4 - 4
-6
What is the value of -2 - 1 - (1 + -3 + 0)?
-1
Calculate -2 - -5 - (1 - (-5 + 11)).
8
What is 10 + (-5 - 0) + 0?
5
What is 6 + 5 - (-2 - -10)?
3
What is the value of 5 - (5 - 4 - -7)?
-3
What is the value of (386 - 383) + (2 - (1 - 0))?
4
3 + -5 + 0 + 4
2
What is the value of 5 + 0 - (14 - 12)?
3
What is -6 + (-11 - (-28 - -7))?
4
What is the value of (23 - 22) + -4 + 1 + 4?
2
What is 5 - (3 + -3 - 3 - -4)?
4
Calculate 0 - (-5 + 0 + -2 + 5).
2
-6 + -5 + 3 - -10
2
What is 3 - (2 + (5 - 8))?
4
What is the value of (0 - (4 - 12)) + -4 + -3?
1
Calculate 4 - (10 + -8 + 4).
-2
Evaluate -1 - (-4 + 3) - -1 - -1.
2
What is 1 + (-6 + 3 - 0 - 1)?
-3
What is (-4 - (-3 - 4)) + -1 + 1?
3
-2 + (1 + -8 - -7)
-2
8 + (-5 - (0 + 3)) + -3
-3
What is (5 - (-2 - -2)) + -1 + -1?
3
-7 + 4 + 4 + (-4 - 1)
-4
Evaluate (0 - -4 - 3 - 8) + 3.
-4
What is the value of 11 + -1 + -5 + 0?
5
C